 ten thousands digit of i?
2
Let x be ((-10)/8)/((-14408)/1440 - -10). Let o = 11 + 100. Let s = x - o. What is the units digit of s?
4
Suppose 20*v - 30280 + 10982 = 192882. What is the ten thousands digit of v?
1
Let k(c) = 264*c - 18. Let b be k(-1). Let q = b - -761. What is the hundreds digit of q?
4
Let n be 291/5 - (6 + 58/(-10)). Let w = 61 - n. Suppose -3*i = d + 2*d - 135, 12 = w*i. What is the units digit of d?
1
Suppose -4811*g - 2382756 = -4852*g. What is the hundreds digit of g?
1
Suppose -2*x = -8*x + 73379 + 82627. What is the ten thousands digit of x?
2
Suppose -4*l - 10 = 3*d, 0 = -4*d + 4*l - 45 - 15. What is the units digit of 5289/82 + d/4?
2
Let g(i) = -11*i + 11. Let l(r) = -2*r**2 - 11*r - 3. Let c(z) = z**2 + 12*z + 3. Let o(w) = -3*c(w) - 2*l(w). Let j be o(14). What is the tens digit of g(j)?
4
Suppose 0 = 151*k - 150*k - 6. Suppose 3*l + p - 1165 = k*p, 0 = -2*l + 3*p + 777. What is the tens digit of l?
9
Suppose 0 = 15*p - 325492 - 292628. What is the units digit of p?
8
What is the hundreds digit of (21629 + -3 - 0) + -8 + 23 + -10?
6
Let s = 242 - -2141. What is the units digit of s?
3
What is the hundreds digit of -1 - (-12549 + 5) - 3?
5
Suppose 0 = s + 5*v - 34548, 3*v - 55221 = -5*s + 117519. What is the units digit of s?
8
Suppose -28*m + 24498 = -22*m. What is the tens digit of m?
8
Let g(z) = z**3 + z + 20. Let y be g(0). Suppose 5*v - y = -5. What is the tens digit of (-1 + 0)*(v + -14 - -1)?
1
Let d(u) = 26*u**2 + 17*u + 49. Suppose 0 = 2*v - h + 10, 4*v - 2*h - 3*h + 26 = 0. What is the units digit of d(v)?
7
What is the hundreds digit of (-442)/(-170)*(-79950)/(-10)?
7
Let s(h) = 4*h**3 - 672*h**2 + 382*h + 334. What is the tens digit of s(168)?
1
What is the tens digit of 6/51 + 312247/221?
1
What is the thousands digit of (-18)/81 + (-599856)/(-108)?
5
Let c be 1006/7 + (-2)/(-7). Suppose -4*k - c = -1176. What is the units digit of k?
8
Let r(y) = 363*y**3 - y**2 + 14*y - 20. What is the hundreds digit of r(3)?
8
Let c = 15 - 7. Let r be (1 + c - 0)*575/15. Suppose 384 + r = 9*y. What is the tens digit of y?
8
Let q be 2/(-8) + 0 - (-9207)/124. Let k = 76 - q. What is the units digit of -79*(6/(-2) + k)?
9
Suppose l + 17*n = 24*n + 16284, 81204 = 5*l + n. What is the units digit of l?
2
Suppose 14*f = 82*f - 54*f - 520926. What is the thousands digit of f?
7
What is the units digit of (0 + -139 + 1)*(23 - (8 + 72))?
6
Let h(y) = 479*y - 25. What is the hundreds digit of h(15)?
1
Let z(j) = 6*j**3 + 2*j + 7. Let n be z(5). Let f = n - 513. What is the hundreds digit of f?
2
Let k = 12524 - 988. What is the hundreds digit of k?
5
Let d = 232 - 225. Suppose -2296 = -s - d*s. What is the hundreds digit of s?
2
Let o(c) = 517*c**2 + c. Let m be o(-1). Suppose 2*f = -6*s + 11*s + 684, f - 309 = -3*s. Let v = m - f. What is the tens digit of v?
8
Suppose 5*d + l - 5 = 5, d + 12 = -3*l. Suppose 5*c + d*g - 2 = 0, -3*c - 2*g = -4*g - 5. What is the units digit of (2/(-3))/(c/(-15)*1)?
0
Let n(p) = 4*p**2 + 124 - 88 + 5*p**2 - 13*p - 104. What is the tens digit of n(-7)?
6
Let m be 5/(-5)*-1 - 1*-33. Suppose 82 = -2*l + 5*o - 2*o, -5*o + m = -l. Let a = 75 + l. What is the units digit of a?
1
Let b(h) = -h**3 + 4*h**2 - 5*h + 2. Let m be b(1). Suppose m = -6*j + 9*j - 1029. What is the hundreds digit of j?
3
Let z be (-380)/(-19) - (0 + 4). Let b be 1/4 - ((-60)/z + 4). Suppose b = 4*s - 4*r - 392, 5*s - 5*r - 488 = -2*r. What is the units digit of s?
7
Suppose 88*d - 27*d = 96868. What is the thousands digit of d?
1
Let i = 24 - 21. Suppose -882 = 6*s - 4*s - i*p, 5*s + p = -2188. Let b = -224 - s. What is the units digit of b?
4
Suppose 6 = 5*u - 24. Let d = 361 - 442. What is the units digit of -8*(d/u - -2)?
2
Suppose 2*x = -3*l - 2*x - 294, 5*x = 5*l + 525. Suppose 5*n = 2*k - 394, -4*n + 0*n = -5*k + 1002. Let g = k + l. What is the units digit of g?
0
Suppose -203*t = -207*t + 13516. What is the units digit of t?
9
Suppose -1825749 = -168*l + 117*l. What is the thousands digit of l?
5
Let j = 3287 + 1562. What is the hundreds digit of j?
8
Let o = 26 + -23. Suppose 0*c - o*c = 2*u - 319, 0 = u - 5*c - 179. Suppose 0 = 24*j - 22*j - u. What is the units digit of j?
2
Let z(b) = 41*b**2 + 16*b - 36. Suppose 0 = -3*n - 3 + 9. What is the tens digit of z(n)?
6
Let x = 6671 + 4574. What is the units digit of x?
5
Suppose 1556*h = 1573*h - 760376. What is the ten thousands digit of h?
4
Let r(s) be the first derivative of -12*s**2 - 43*s - 7. Let z be r(-7). Let w = 9 + z. What is the hundreds digit of w?
1
Let o = -19 - -19. Let c(m) = 26 + m**2 + 5 + 9*m + m - 7*m. What is the tens digit of c(o)?
3
Let x = -340 + 395. Suppose -25*o + 22*o - x = -2*j, -2*o = -10. What is the tens digit of j?
3
Let g(k) = k**2 + 4*k + 8. Let w be g(-2). Let y = -35 + 40. Suppose -4*i + 189 = -y*p, w*i + 2*p - p - 207 = 0. What is the units digit of i?
1
Suppose t + 1018 = -2*r - 4*t, -3*r - 3*t - 1518 = 0. Let j = r - -976. What is the tens digit of j?
7
Let r(j) = -9*j**3. Let l be r(1). Let f be ((-12)/(-18))/(-1 - (-2)/6). What is the tens digit of 183 + (f + (-16)/(-12))*l?
8
Suppose 0*n = n + 4*a + 88, -4*n + 3*a - 428 = 0. Let v = -40 - n. What is the tens digit of v?
6
Suppose -12*s + 15*s - 57206 = -4*z, -5*z + 71497 = 2*s. What is the units digit of z?
7
Suppose 5367 = 85*o - 8743. Let d = -160 - -489. Suppose -2*t - 2*t + 5*b = -d, o = 2*t - 2*b. What is the tens digit of t?
8
Let a(f) be the second derivative of 61*f**4/6 + f**3/6 - 4*f**2 - f - 20. What is the tens digit of a(-3)?
8
Let s(u) be the third derivative of -u**6/120 - 23*u**5/60 + 7*u**4/12 + 23*u**3/6 - 9*u**2 + 2. Let z be s(-23). Let r = -95 - z. What is the units digit of r?
4
Let q(w) = -w + 12. Let c be q(7). Let o be 3 - 6 - (-84 + 0). Suppose -279 = -3*d + c*t, -d + o + 19 = -4*t. What is the units digit of d?
8
Suppose 0 = -3*m + s + 19, -s + 5*s = -5*m + 9. What is the hundreds digit of (m + 2)/(-7)*-581?
5
Suppose -2*s - 3*s - 4*b + 2 = 0, -2*s - 2*b + 2 = 0. Let r(g) = -2*g**3 - g - 4. Let h be r(s). Let m(v) = -v**2 + 16*v - 1. What is the units digit of m(h)?
7
Let t = 98190 + -57527. What is the units digit of t?
3
Let l(w) = w**2 + 26*w + 109. Let u be l(-21). Suppose -10*y = -u*y - 5826. What is the units digit of y?
1
Suppose -7*v = -4*v. Suppose -z - 6*z + 56 = v. Suppose 0 = j + 1, -z*j - 222 = -5*a - 6*j. What is the units digit of a?
4
Suppose -16*d = -130 - 78. Suppose 3*k + 2079 = z, -14*z + d*z + 2073 = -k. What is the hundreds digit of z?
0
What is the hundreds digit of ((7 - 7) + -3)/((-9)/21129)?
0
Let x be (2764/(-2))/((-8)/4). Suppose 4*k + 3*h = x, -h = -3*k - 3*h + 518. What is the units digit of k?
2
Suppose g - 2*v = 13, -4*g + 0*v = 5*v. Let t(z) = -7 - 1252*z + 15*z**2 + 1255*z - g*z**3 - 6*z**2. What is the units digit of t(-3)?
0
Suppose 5*r + 4*x - 41709 = 0, 5*r - 48035 + 6334 = 4*x. What is the units digit of r?
1
Let i = 64 - 59. Suppose i*n - 3498 = 4*w + 160, 5*w - 1450 = -2*n. Suppose -5*q = -o - 927, -2*q - 5*o = 2*q - n. What is the units digit of q?
5
What is the hundreds digit of (36/(-165))/((-4)/(-10)) + 21159/11?
9
Let l be (-5 + 8)/1 - (-38094)/6. Suppose 10*w - l = 10278. What is the thousands digit of w?
1
Suppose -v = -2*n + 70409, -62*v + 61*v + 70415 = 2*n. What is the units digit of n?
6
Let m be -1*10/40 - 34/(-8). Suppose 3*o - 577 = -m*k, 0 = -3*o + 6*o - 5*k - 595. What is the tens digit of o?
9
Let c = -32157 - -94300. What is the tens digit of c?
4
Suppose -9*s = -3083 - 28669. What is the hundreds digit of s?
5
Let h = -2045 + 2870. Let y = h + -468. What is the hundreds digit of y?
3
Let n = 639 + -375. Suppose 0 = -a + n + 408. What is the units digit of a?
2
Suppose -2*q = -2*i + 12358, -15*i - 18537 = -18*i + 5*q. What is the units digit of i?
9
Suppose 0 = 1333*i - 1330*i - 5*m - 63923, 4*m = 4*i - 85228. What is the tens digit of i?
0
Suppose 1896053 - 57733 = 55*y. What is the units digit of y?
4
Let c(r) be the first derivative of 7/2*r**4 + 5/2*r**2 + 14 - 1/3*r**3 - r. What is the tens digit of c(2)?
1
Let c = 169 - 134. Suppose -c*s = -24025 - 930. What is the hundreds digit of s?
7
Let q(w) be the first derivative of w**4/4 + 20*w**3/3 - 49*w**2/2 - 36*w + 79. What is t